{"id":60,"date":"2017-10-04T16:02:29","date_gmt":"2017-10-04T16:02:29","guid":{"rendered":"http:\/\/www.mercedesbarrutia.com\/?page_id=60"},"modified":"2025-08-27T15:19:38","modified_gmt":"2025-08-27T15:19:38","slug":"docencia","status":"publish","type":"page","link":"https:\/\/www.mercedesbarrutia.com\/index.php\/docencia\/","title":{"rendered":"Docencia y formaci\u00f3n"},"content":{"rendered":"<p>&nbsp;<\/p>\n<p><img loading=\"lazy\" decoding=\"async\" class=\"alignleft wp-image-579\" src=\"https:\/\/www.mercedesbarrutia.com\/wp-content\/uploads\/2025\/08\/FUNDAMENTAL-LOGOTIPO_Logo-4-300x213.png\" alt=\"\" width=\"270\" height=\"192\" srcset=\"https:\/\/www.mercedesbarrutia.com\/wp-content\/uploads\/2025\/08\/FUNDAMENTAL-LOGOTIPO_Logo-4-300x213.png 300w, https:\/\/www.mercedesbarrutia.com\/wp-content\/uploads\/2025\/08\/FUNDAMENTAL-LOGOTIPO_Logo-4-1024x727.png 1024w, https:\/\/www.mercedesbarrutia.com\/wp-content\/uploads\/2025\/08\/FUNDAMENTAL-LOGOTIPO_Logo-4-768x545.png 768w, https:\/\/www.mercedesbarrutia.com\/wp-content\/uploads\/2025\/08\/FUNDAMENTAL-LOGOTIPO_Logo-4-1536x1090.png 1536w, https:\/\/www.mercedesbarrutia.com\/wp-content\/uploads\/2025\/08\/FUNDAMENTAL-LOGOTIPO_Logo-4.png 1748w\" sizes=\"auto, (max-width: 270px) 100vw, 270px\" \/><\/p>\n<p><span style=\"vertical-align: inherit;\">Mercedes Barrutia est\u00e1 enfocada profesionalmente a la formaci\u00f3n especializada y a la educaci\u00f3n social. Disponemos de un men\u00fa orientativo de formaciones, pero nuestro verdadero objetivo es crear sesiones de trabajo para cada ocasi\u00f3n, en funci\u00f3n del p\u00fablico y el tema.\u00a0<\/span><\/p>\n<p><span style=\"vertical-align: inherit;\">Tienes toda la informaci\u00f3n en <a href=\"https:\/\/fundamental.mercedesbarrutia.com\/\">la p\u00e1gina web para la Formaci\u00f3n Profesional y Educaci\u00f3n Social<\/a>.\u00a0<\/span><\/p>\n<h2>\u00a0<\/h2>\n\n\n<\/h2>\n<div class=\"wp-block-spacer\" aria-hidden=\"true\">\u00a0<\/div>\n<h3>\u00a0<\/h3>\n<h3>\n\n\n<p>Experiencias:\u00a0<\/h3>\n<h2><strong><span style=\"vertical-align: inherit;\"><span style=\"vertical-align: inherit;\">Universidad y centros de formaci\u00f3n<\/span><\/span><\/strong><\/h2>\n<p><span style=\"vertical-align: inherit;\"><span style=\"vertical-align: inherit;\">&#8211; Escuela Superior de Comunicaci\u00f3n y Marketing de Granada (<a href=\"https:\/\/escogranada.com\/grados\/comunicacion\/periodismo-granada\/\">ESCO<\/a>). <\/span><span style=\"vertical-align: inherit;\">Curso escolar 2014-2015. <\/span><span style=\"vertical-align: inherit;\">Asignatura Periodismo Especializado 1 para el tercer curso de periodismo.<\/span><\/span><\/p>\n<p><span style=\"vertical-align: inherit;\"><span style=\"vertical-align: inherit;\">&#8211; <a href=\"https:\/\/filmosofia.com\/cursos\">FILMOSOF\u00cdA<\/a> (Granada) Docente para el curso Realizaci\u00f3n y locuci\u00f3n de radio.<\/span><\/span><\/p>\n<p><span style=\"vertical-align: inherit;\"><span style=\"vertical-align: inherit;\">&#8211; Escuela Superior de Comunicaci\u00f3n y Marketing de Granada (ESCO). <\/span><span style=\"vertical-align: inherit;\">Asignatura de guion e informaci\u00f3n de radio, tercero de periodismo (sustituci\u00f3n).<\/span><\/span><\/p>\n<p><span style=\"vertical-align: inherit;\"><span style=\"vertical-align: inherit;\">&#8211; Universidad de Granada (GRANADA). <\/span><a href=\"https:\/\/trabajosocial.ugr.es\/pages\/investigacion\"><span style=\"vertical-align: inherit;\">Facultad de Trabajo Social. <\/span><\/a><span style=\"vertical-align: inherit;\">Asignatura de Pol\u00edtica Social, parte period\u00edstica (Plan de Innovaci\u00f3n Docente politicasocial.com)<\/span><\/span><\/p>\n<p><strong>\u00a0<\/strong><\/p>\n<h2><strong><span style=\"vertical-align: inherit;\"><span style=\"vertical-align: inherit;\">Proyectos educativos:<\/span><\/span><br \/><\/strong><\/h2>\n<p><span style=\"vertical-align: inherit;\"><span style=\"vertical-align: inherit;\">Plan de Innovaci\u00f3n Docente Universitario. <\/span><span style=\"vertical-align: inherit;\">Referencia disponible en Morata-Garc\u00eda de la Puerta, B. (2014). <\/span><strong><span style=\"vertical-align: inherit;\">Buenas pr\u00e1cticas docentes en la ense\u00f1anza de la pol\u00edtica social para trabajadores sociales. <\/span><\/strong><span style=\"vertical-align: inherit;\">En D\u00edaz Aznarte, MT y Granados Romera, MI (coords.), Pr\u00e1cticas de innovaci\u00f3n docente en Ciencias Sociales y Jur\u00eddicas (p\u00e1gs. 107-112). <\/span><span style=\"vertical-align: inherit;\">Granada: Comares.<\/span><\/span><\/p>\n<\/p>\n<h2><strong>Ejemplos de talleres impartidos:<br \/><\/strong><\/h2>\n<p><span style=\"color: #333399;\"><em><strong>\u00c9rase una vez&#8230; \u00a1pero ya no!<\/strong> <\/em><\/span>&#8211; Taller de 6 horas dedicado a p\u00fablico adulto no especializado. Repaso de las historias cl\u00e1sicas y modernas que nos han contado siempre desde una perspectiva feminista en tres sesiones de dos horas. Experiencia colaborativa. <a href=\"https:\/\/periodisticamente.mercedesbarrutia.com\/erase-una-vez-pero-ya-no-taller-igualdad\/\">M\u00e1s informaci\u00f3n, aqu\u00ed.<\/a><\/p>\n<p><img loading=\"lazy\" decoding=\"async\" class=\"wp-image-450 aligncenter\" src=\"https:\/\/www.mercedesbarrutia.com\/wp-content\/uploads\/2023\/02\/WhatsApp-Image-2022-11-10-at-09.49.50-2-300x225.jpeg\" alt=\"\" width=\"198\" height=\"148\" srcset=\"https:\/\/www.mercedesbarrutia.com\/wp-content\/uploads\/2023\/02\/WhatsApp-Image-2022-11-10-at-09.49.50-2-300x225.jpeg 300w, https:\/\/www.mercedesbarrutia.com\/wp-content\/uploads\/2023\/02\/WhatsApp-Image-2022-11-10-at-09.49.50-2-1024x768.jpeg 1024w, https:\/\/www.mercedesbarrutia.com\/wp-content\/uploads\/2023\/02\/WhatsApp-Image-2022-11-10-at-09.49.50-2-768x576.jpeg 768w, https:\/\/www.mercedesbarrutia.com\/wp-content\/uploads\/2023\/02\/WhatsApp-Image-2022-11-10-at-09.49.50-2-1536x1152.jpeg 1536w, https:\/\/www.mercedesbarrutia.com\/wp-content\/uploads\/2023\/02\/WhatsApp-Image-2022-11-10-at-09.49.50-2.jpeg 2048w\" sizes=\"auto, (max-width: 198px) 100vw, 198px\" \/><\/p>\n<p><a href=\"https:\/\/periodisticamente.mercedesbarrutia.com\/por-que-somos-feministas-buena-pregunta\/\"><em><strong>Por qu\u00e9 somos feministas<\/strong><\/em><\/a> &#8211; Taller dirigido al alumnado de 4\u00ba de la ESO para inspirar en la participaci\u00f3n de un concurso de TikTok nacional a favor de la igualdad. Impartido el 15 de marzo en 3 institutos del Valle de Lecr\u00edn de Granada. M\u00e1s informaci\u00f3n, <a href=\"https:\/\/periodisticamente.mercedesbarrutia.com\/por-que-somos-feministas-buena-pregunta\/\">aqu\u00ed.<\/a><\/p>\n<p><img loading=\"lazy\" decoding=\"async\" class=\" wp-image-412 aligncenter\" src=\"https:\/\/www.mercedesbarrutia.com\/wp-content\/uploads\/2022\/03\/por-que-somos-feministas-taller-mercedes-barrutia-300x169.png\" alt=\"\" width=\"289\" height=\"163\" srcset=\"https:\/\/www.mercedesbarrutia.com\/wp-content\/uploads\/2022\/03\/por-que-somos-feministas-taller-mercedes-barrutia-300x169.png 300w, https:\/\/www.mercedesbarrutia.com\/wp-content\/uploads\/2022\/03\/por-que-somos-feministas-taller-mercedes-barrutia.png 567w\" sizes=\"auto, (max-width: 289px) 100vw, 289px\" \/><\/p>\n<p><a href=\"http:\/\/periodisticamente.mercedesbarrutia.com\/impartido-el-taller-yo-soy-feminista-y-tu\/\"><strong><em>Yo soy feminista, \u00bfy t\u00fa?<\/em><\/strong><\/a> &#8211; Taller de podcast por la igualdad para los alumnos de 1\u00ba de bachillerato del IES Valle de Lecr\u00edn. 10 de noviembre de 2021. Sesi\u00f3n de 2 horas.<\/p>\n<p><img loading=\"lazy\" decoding=\"async\" class=\"size-medium wp-image-371 aligncenter\" src=\"https:\/\/www.mercedesbarrutia.com\/wp-content\/uploads\/2021\/11\/WhatsApp-Image-2021-11-10-at-18.05.44-300x169.jpeg\" alt=\"\" width=\"300\" height=\"169\" srcset=\"https:\/\/www.mercedesbarrutia.com\/wp-content\/uploads\/2021\/11\/WhatsApp-Image-2021-11-10-at-18.05.44-300x169.jpeg 300w, https:\/\/www.mercedesbarrutia.com\/wp-content\/uploads\/2021\/11\/WhatsApp-Image-2021-11-10-at-18.05.44-1024x576.jpeg 1024w, https:\/\/www.mercedesbarrutia.com\/wp-content\/uploads\/2021\/11\/WhatsApp-Image-2021-11-10-at-18.05.44-768x432.jpeg 768w, https:\/\/www.mercedesbarrutia.com\/wp-content\/uploads\/2021\/11\/WhatsApp-Image-2021-11-10-at-18.05.44-1536x864.jpeg 1536w, https:\/\/www.mercedesbarrutia.com\/wp-content\/uploads\/2021\/11\/WhatsApp-Image-2021-11-10-at-18.05.44.jpeg 2000w\" sizes=\"auto, (max-width: 300px) 100vw, 300px\" \/><\/p>\n<p><a href=\"http:\/\/periodisticamente.mercedesbarrutia.com\/trabajamos-con-el-alumnado-de-la-eso-en-un-taller-sobre-informacion-y-violencia-machista\/\"><strong><em>Abre, que viene el avioncito<\/em><\/strong><\/a>. &#8211; Alumnado de 4\u00ba de ESO del IES Monterroso, Estepona (M\u00e1laga). 16 de diciembre de 2019. Sesi\u00f3n de 50 minutos.<br \/><img loading=\"lazy\" decoding=\"async\" class=\"size-medium wp-image-369 aligncenter\" src=\"https:\/\/www.mercedesbarrutia.com\/wp-content\/uploads\/2021\/11\/cartel-taller-300x169.jpg\" alt=\"\" width=\"300\" height=\"169\" srcset=\"https:\/\/www.mercedesbarrutia.com\/wp-content\/uploads\/2021\/11\/cartel-taller-300x169.jpg 300w, https:\/\/www.mercedesbarrutia.com\/wp-content\/uploads\/2021\/11\/cartel-taller-1024x576.jpg 1024w, https:\/\/www.mercedesbarrutia.com\/wp-content\/uploads\/2021\/11\/cartel-taller-768x432.jpg 768w, https:\/\/www.mercedesbarrutia.com\/wp-content\/uploads\/2021\/11\/cartel-taller-1536x864.jpg 1536w, https:\/\/www.mercedesbarrutia.com\/wp-content\/uploads\/2021\/11\/cartel-taller.jpg 1920w\" sizes=\"auto, (max-width: 300px) 100vw, 300px\" \/><br \/><strong><em>C\u00f3mo digerir noticias sobre violencia de g\u00e9nero sin necesitar un anti\u00e1cido<\/em>. &#8211; <\/strong>En colaboraci\u00f3n con el Centro de Informaci\u00f3n a la mujer del Valle de Lecr\u00edn y la Diputaci\u00f3n de Granada. (20 horas). Noviembre y diciembre de 2018, 9 sesiones &#8211;<br \/><img loading=\"lazy\" decoding=\"async\" class=\"alignnone size-medium wp-image-114 aligncenter\" src=\"http:\/\/www.mercedesbarrutia.com\/wp-content\/uploads\/2017\/10\/cartel-VERSI\u00d3N-2-CON-FECHAS-200x300.jpg\" alt=\"\" width=\"200\" height=\"300\" srcset=\"https:\/\/www.mercedesbarrutia.com\/wp-content\/uploads\/2017\/10\/cartel-VERSI\u00d3N-2-CON-FECHAS-200x300.jpg 200w, https:\/\/www.mercedesbarrutia.com\/wp-content\/uploads\/2017\/10\/cartel-VERSI\u00d3N-2-CON-FECHAS-600x900.jpg 600w, https:\/\/www.mercedesbarrutia.com\/wp-content\/uploads\/2017\/10\/cartel-VERSI\u00d3N-2-CON-FECHAS-768x1152.jpg 768w, https:\/\/www.mercedesbarrutia.com\/wp-content\/uploads\/2017\/10\/cartel-VERSI\u00d3N-2-CON-FECHAS-682x1024.jpg 682w, https:\/\/www.mercedesbarrutia.com\/wp-content\/uploads\/2017\/10\/cartel-VERSI\u00d3N-2-CON-FECHAS.jpg 1181w\" sizes=\"auto, (max-width: 200px) 100vw, 200px\" \/><\/p>\n\n\n<div style=\"height:41px\" aria-hidden=\"true\" class=\"wp-block-spacer\"><\/div>\n\n\n\n\n\n\n","protected":false},"excerpt":{"rendered":"<p>&nbsp; Mercedes Barrutia est\u00e1 enfocada profesionalmente a la formaci\u00f3n especializada y a la educaci\u00f3n social. Disponemos de un men\u00fa orientativo de formaciones, pero nuestro verdadero objetivo es crear sesiones de trabajo para cada ocasi\u00f3n, en funci\u00f3n del p\u00fablico y el tema.\u00a0 Tienes toda la informaci\u00f3n en la p\u00e1gina web para la Formaci\u00f3n Profesional y Educaci\u00f3n &#8230; <a title=\"Docencia y formaci\u00f3n\" class=\"read-more\" href=\"https:\/\/www.mercedesbarrutia.com\/index.php\/docencia\/\" aria-label=\"Leer m\u00e1s sobre Docencia y formaci\u00f3n\">Leer m\u00e1s<\/a><\/p>\n","protected":false},"author":100010015,"featured_media":0,"parent":0,"menu_order":0,"comment_status":"closed","ping_status":"closed","template":"","meta":{"footnotes":""},"class_list":["post-60","page","type-page","status-publish"],"yoast_head":"<!-- This site is optimized with the Yoast SEO plugin v26.9 - https:\/\/yoast.com\/product\/yoast-seo-wordpress\/ -->\n<title>Docencia y formaci\u00f3n - Mercedes Barrutia Navarrete<\/title>\n<meta name=\"description\" content=\"Experiencia docente de la periodista y comunicadora Mercedes Barrutia. Universidad, centros privados, talleres...\" \/>\n<meta name=\"robots\" content=\"index, follow, max-snippet:-1, max-image-preview:large, max-video-preview:-1\" \/>\n<link rel=\"canonical\" href=\"https:\/\/www.mercedesbarrutia.com\/index.php\/docencia\/\" \/>\n<meta property=\"og:locale\" content=\"es_ES\" \/>\n<meta property=\"og:type\" content=\"article\" \/>\n<meta property=\"og:title\" content=\"Docencia y formaci\u00f3n - Mercedes Barrutia Navarrete\" \/>\n<meta property=\"og:description\" content=\"Experiencia docente de la periodista y comunicadora Mercedes Barrutia. Universidad, centros privados, talleres...\" \/>\n<meta property=\"og:url\" content=\"https:\/\/www.mercedesbarrutia.com\/index.php\/docencia\/\" \/>\n<meta property=\"og:site_name\" content=\"Mercedes Barrutia Navarrete\" \/>\n<meta property=\"article:modified_time\" content=\"2025-08-27T15:19:38+00:00\" \/>\n<meta property=\"og:image\" content=\"https:\/\/www.mercedesbarrutia.com\/wp-content\/uploads\/2025\/08\/FUNDAMENTAL-LOGOTIPO_Logo-4.png\" \/>\n\t<meta property=\"og:image:width\" content=\"1748\" \/>\n\t<meta property=\"og:image:height\" content=\"1241\" \/>\n\t<meta property=\"og:image:type\" content=\"image\/png\" \/>\n<meta name=\"twitter:card\" content=\"summary_large_image\" \/>\n<meta name=\"twitter:label1\" content=\"Tiempo de lectura\" \/>\n\t<meta name=\"twitter:data1\" content=\"4 minutos\" \/>\n<script type=\"application\/ld+json\" class=\"yoast-schema-graph\">{\"@context\":\"https:\/\/schema.org\",\"@graph\":[{\"@type\":\"WebPage\",\"@id\":\"https:\/\/www.mercedesbarrutia.com\/index.php\/docencia\/\",\"url\":\"https:\/\/www.mercedesbarrutia.com\/index.php\/docencia\/\",\"name\":\"Docencia y formaci\u00f3n - Mercedes Barrutia Navarrete\",\"isPartOf\":{\"@id\":\"https:\/\/www.mercedesbarrutia.com\/#website\"},\"primaryImageOfPage\":{\"@id\":\"https:\/\/www.mercedesbarrutia.com\/index.php\/docencia\/#primaryimage\"},\"image\":{\"@id\":\"https:\/\/www.mercedesbarrutia.com\/index.php\/docencia\/#primaryimage\"},\"thumbnailUrl\":\"https:\/\/www.mercedesbarrutia.com\/wp-content\/uploads\/2025\/08\/FUNDAMENTAL-LOGOTIPO_Logo-4-300x213.png\",\"datePublished\":\"2017-10-04T16:02:29+00:00\",\"dateModified\":\"2025-08-27T15:19:38+00:00\",\"description\":\"Experiencia docente de la periodista y comunicadora Mercedes Barrutia. Universidad, centros privados, talleres...\",\"breadcrumb\":{\"@id\":\"https:\/\/www.mercedesbarrutia.com\/index.php\/docencia\/#breadcrumb\"},\"inLanguage\":\"es\",\"potentialAction\":[{\"@type\":\"ReadAction\",\"target\":[\"https:\/\/www.mercedesbarrutia.com\/index.php\/docencia\/\"]}]},{\"@type\":\"ImageObject\",\"inLanguage\":\"es\",\"@id\":\"https:\/\/www.mercedesbarrutia.com\/index.php\/docencia\/#primaryimage\",\"url\":\"https:\/\/www.mercedesbarrutia.com\/wp-content\/uploads\/2025\/08\/FUNDAMENTAL-LOGOTIPO_Logo-4.png\",\"contentUrl\":\"https:\/\/www.mercedesbarrutia.com\/wp-content\/uploads\/2025\/08\/FUNDAMENTAL-LOGOTIPO_Logo-4.png\",\"width\":1748,\"height\":1241},{\"@type\":\"BreadcrumbList\",\"@id\":\"https:\/\/www.mercedesbarrutia.com\/index.php\/docencia\/#breadcrumb\",\"itemListElement\":[{\"@type\":\"ListItem\",\"position\":1,\"name\":\"Portada\",\"item\":\"https:\/\/www.mercedesbarrutia.com\/\"},{\"@type\":\"ListItem\",\"position\":2,\"name\":\"Docencia y formaci\u00f3n\"}]},{\"@type\":\"WebSite\",\"@id\":\"https:\/\/www.mercedesbarrutia.com\/#website\",\"url\":\"https:\/\/www.mercedesbarrutia.com\/\",\"name\":\"Mercedes Barrutia Navarrete\",\"description\":\"Comunicaci\u00f3n. Marketing. Formaci\u00f3n. Fotoperiodismo\",\"potentialAction\":[{\"@type\":\"SearchAction\",\"target\":{\"@type\":\"EntryPoint\",\"urlTemplate\":\"https:\/\/www.mercedesbarrutia.com\/?s={search_term_string}\"},\"query-input\":{\"@type\":\"PropertyValueSpecification\",\"valueRequired\":true,\"valueName\":\"search_term_string\"}}],\"inLanguage\":\"es\"}]}<\/script>\n<!-- \/ Yoast SEO plugin. -->","yoast_head_json":{"title":"Docencia y formaci\u00f3n - Mercedes Barrutia Navarrete","description":"Experiencia docente de la periodista y comunicadora Mercedes Barrutia. Universidad, centros privados, talleres...","robots":{"index":"index","follow":"follow","max-snippet":"max-snippet:-1","max-image-preview":"max-image-preview:large","max-video-preview":"max-video-preview:-1"},"canonical":"https:\/\/www.mercedesbarrutia.com\/index.php\/docencia\/","og_locale":"es_ES","og_type":"article","og_title":"Docencia y formaci\u00f3n - Mercedes Barrutia Navarrete","og_description":"Experiencia docente de la periodista y comunicadora Mercedes Barrutia. Universidad, centros privados, talleres...","og_url":"https:\/\/www.mercedesbarrutia.com\/index.php\/docencia\/","og_site_name":"Mercedes Barrutia Navarrete","article_modified_time":"2025-08-27T15:19:38+00:00","og_image":[{"width":1748,"height":1241,"url":"https:\/\/www.mercedesbarrutia.com\/wp-content\/uploads\/2025\/08\/FUNDAMENTAL-LOGOTIPO_Logo-4.png","type":"image\/png"}],"twitter_card":"summary_large_image","twitter_misc":{"Tiempo de lectura":"4 minutos"},"schema":{"@context":"https:\/\/schema.org","@graph":[{"@type":"WebPage","@id":"https:\/\/www.mercedesbarrutia.com\/index.php\/docencia\/","url":"https:\/\/www.mercedesbarrutia.com\/index.php\/docencia\/","name":"Docencia y formaci\u00f3n - Mercedes Barrutia Navarrete","isPartOf":{"@id":"https:\/\/www.mercedesbarrutia.com\/#website"},"primaryImageOfPage":{"@id":"https:\/\/www.mercedesbarrutia.com\/index.php\/docencia\/#primaryimage"},"image":{"@id":"https:\/\/www.mercedesbarrutia.com\/index.php\/docencia\/#primaryimage"},"thumbnailUrl":"https:\/\/www.mercedesbarrutia.com\/wp-content\/uploads\/2025\/08\/FUNDAMENTAL-LOGOTIPO_Logo-4-300x213.png","datePublished":"2017-10-04T16:02:29+00:00","dateModified":"2025-08-27T15:19:38+00:00","description":"Experiencia docente de la periodista y comunicadora Mercedes Barrutia. Universidad, centros privados, talleres...","breadcrumb":{"@id":"https:\/\/www.mercedesbarrutia.com\/index.php\/docencia\/#breadcrumb"},"inLanguage":"es","potentialAction":[{"@type":"ReadAction","target":["https:\/\/www.mercedesbarrutia.com\/index.php\/docencia\/"]}]},{"@type":"ImageObject","inLanguage":"es","@id":"https:\/\/www.mercedesbarrutia.com\/index.php\/docencia\/#primaryimage","url":"https:\/\/www.mercedesbarrutia.com\/wp-content\/uploads\/2025\/08\/FUNDAMENTAL-LOGOTIPO_Logo-4.png","contentUrl":"https:\/\/www.mercedesbarrutia.com\/wp-content\/uploads\/2025\/08\/FUNDAMENTAL-LOGOTIPO_Logo-4.png","width":1748,"height":1241},{"@type":"BreadcrumbList","@id":"https:\/\/www.mercedesbarrutia.com\/index.php\/docencia\/#breadcrumb","itemListElement":[{"@type":"ListItem","position":1,"name":"Portada","item":"https:\/\/www.mercedesbarrutia.com\/"},{"@type":"ListItem","position":2,"name":"Docencia y formaci\u00f3n"}]},{"@type":"WebSite","@id":"https:\/\/www.mercedesbarrutia.com\/#website","url":"https:\/\/www.mercedesbarrutia.com\/","name":"Mercedes Barrutia Navarrete","description":"Comunicaci\u00f3n. Marketing. Formaci\u00f3n. Fotoperiodismo","potentialAction":[{"@type":"SearchAction","target":{"@type":"EntryPoint","urlTemplate":"https:\/\/www.mercedesbarrutia.com\/?s={search_term_string}"},"query-input":{"@type":"PropertyValueSpecification","valueRequired":true,"valueName":"search_term_string"}}],"inLanguage":"es"}]}},"_links":{"self":[{"href":"https:\/\/www.mercedesbarrutia.com\/index.php\/wp-json\/wp\/v2\/pages\/60","targetHints":{"allow":["GET"]}}],"collection":[{"href":"https:\/\/www.mercedesbarrutia.com\/index.php\/wp-json\/wp\/v2\/pages"}],"about":[{"href":"https:\/\/www.mercedesbarrutia.com\/index.php\/wp-json\/wp\/v2\/types\/page"}],"author":[{"embeddable":true,"href":"https:\/\/www.mercedesbarrutia.com\/index.php\/wp-json\/wp\/v2\/users\/100010015"}],"replies":[{"embeddable":true,"href":"https:\/\/www.mercedesbarrutia.com\/index.php\/wp-json\/wp\/v2\/comments?post=60"}],"version-history":[{"count":12,"href":"https:\/\/www.mercedesbarrutia.com\/index.php\/wp-json\/wp\/v2\/pages\/60\/revisions"}],"predecessor-version":[{"id":582,"href":"https:\/\/www.mercedesbarrutia.com\/index.php\/wp-json\/wp\/v2\/pages\/60\/revisions\/582"}],"wp:attachment":[{"href":"https:\/\/www.mercedesbarrutia.com\/index.php\/wp-json\/wp\/v2\/media?parent=60"}],"curies":[{"name":"wp","href":"https:\/\/api.w.org\/{rel}","templated":true}]}}